(-6 + 9) - -8 - -9?
9
Evaluate 6 - (-5 + (-2 - -8)).
5
What is (-2 - 1 - -5) + 1?
3
Evaluate 171 + -168 + -10 + 1 + -2.
-8
Calculate 3 - -1 - (-1 + 3).
2
What is the value of 8 - 10 - (-3 + -4 + 2)?
3
What is (-9 - (3 + 3)) + 7?
-8
Calculate (0 - (4 + -8)) + 0.
4
Calculate -1 + 1 + 0 - (0 + -1).
1
What is the value of 1 + (2 - (0 - (-6 - -4)))?
1
Calculate (3 - 0) + 2 + -4.
1
Evaluate -7 + 1 - (25 + -29).
-2
-4 + (0 - (0 - 1 - 1))
-2
What is -30 + 25 + (-1 - -4)?
-2
Evaluate (-6 - -11) + -9 + 4.
0
What is the value of (-2 - 1) + (-29 - -33)?
1
-20 - -19 - (0 + -3)
2
Calculate -66 + 60 + 1 + 2.
-3
7 + (5 - (4 - (-3 - -3)))
8
What is the value of 10 - 11 - ((-1 - 2) + -2)?
4
What is the value of 0 - (-1 + 5 + 2) - -11?
5
Evaluate (0 - -13) + 45 + -51.
7
What is the value of 8 + (9 - 4) + -11?
2
What is the value of -12 + 1 + 3 + 4?
-4
Evaluate (113 - 98) + (-26 - -2).
-9
Evaluate 7 + 2 + (-3 - -1) + -3.
4
-2 - -3 - (2 + -11 + 5)
5
Evaluate 7 + -1 + -3 + -1.
2
What is -8 + 5 + -5 + 5?
-3
Evaluate 4 + -4 + 1 - 1.
0
What is (6 - 5) + (1 - 11) + 3?
-6
What is 16 - 6 - (-2 - -12)?
0
Calculate 0 + -1 + 2 - 4.
-3
Evaluate (2 - 4 - (2 + 10)) + 6.
-8
What is the value of -4 - (-5 + (0 - -3)) - -1?
-1
2 + (-5 - (-1 - 7)) + -3
2
What is (12 - (5 + 12)) + 8?
3
What is the value of -4 + -3 + 6 + 7 - 9?
-3
Evaluate (1 - 3) + -1 + 5.
2
Evaluate (-3 - -15) + -20 + 10.
2
What is 2 + -1 + (5 - 2)?
4
11 + -7 + -11 + -1
-8
Evaluate -4 - (-1 - (0 - -3)) - -2.
2
Calculate 3 + -6 + (42 - 31).
8
Evaluate 4 - (6 - (11 - (-1 - -3))).
7
Evaluate -4 + 6 - 5 - 1.
-4
Calculate (-4 - -7 - -4) + -7.
0
Calculate -1 - (-8 - (5 - 7)).
5
What is (9 - 4 - 0) + -10?
-5
(-18 - -7) + 6 + 0
-5
Evaluate -3 + 2 + 5 - 6 - -7.
5
What is the value of (-1 + 7 - (3 - 0)) + -3?
0
What is the value of 4 + -7 - -3 - 5?
-5
-2 + 4 + 0 + -1 + -3
-2
2 - 1 - ((9 - 4) + -3)
-1
What is -3 + -1 + (0 - (-12 + 5))?
3
What is (2 - -2) + (-3 - -2)?
3
What is the value of -4 - (6 - (11 + -6))?
-5
Evaluate (7 - 5) + -2 + 0.
0
Calculate -24 - -18 - (2 + 0 + -3).
-5
What is -8 + 13 + 2 + -3 + -3?
1
Evaluate -2 - (2 - ((6 - 3) + 2)).
1
Calculate (2 + 1 - (6 + -6)) + 1.
4
What is (-10 - -2) + (3 - (-8 - -8))?
-5
What is the value of 7 - 2 - -2 - (14 + -11)?
4
What is -24 + 23 + -4 + 0?
-5
What is the value of 11 + (-1 + -8 - -7)?
9
What is the value of (3 - (-2 - -2 - -1)) + -2?
0
What is -2 + (-1 - -3) - 2?
-2
Calculate -9 - (0 + (1 - 3) - 1).
-6
What is the value of -256 + 257 + (1 - 1)?
1
-2 - ((0 - 3) + 0)
1
Calculate (0 - 3) + (2 - 1) - -5.
3
Evaluate (-5 - (-11 + 14)) + 7.
-1
Evaluate 14 + -10 - (2 - -2).
0
What is -5 + -4 + 5 + 3?
-1
(-5 - (-5 + 0)) + -2
-2
(1 - (7 - 9)) + 1
4
What is the value of 3 + -8 + 13 - 4?
4
5 + -2 + -5 + 4
2
What is -2 + (2 - -5) - 8?
-3
-5 - (-9 - 0) - 13
-9
What is the value of -2 - (7 - 11 - -5)?
-3
Evaluate (8 - 6) + -4 + 0 + 2.
0
What is the value of 14 - 8 - (10 + -2 - 3)?
1
What is the value of -2 + 1 + 1 - (3 + -2)?
-1
What is the value of 0 + -4 + 3 - -3?
2
Calculate (8 - -1) + (-5 + 2 - -1).
7
Calculate -2 - (-1 + (1 - (-2 - -1))).
-3
What is 2 + -7 + -10 + 20 + -10?
-5
(3 + -5 - -6) + (-4 - 3)
-3
What is the value of -48 + 42 - (1 - 0)?
-7
What is -5 - (-5 - 1) - -3?
4
Calculate (-11 - (5 + -12)) + (-2 - 0).
-6
-2 + 4 + -2 + 3 + -4
-1
-2 + (4 - (8 - 3))
-3
What is the value of 2 + 0 + 1 - 4?
-1
(6 - 4) + 3 + (-3 - -2)
4
Calculate (-9 - -7) + (2 - (-6 + 3)).
3
Evaluate (-4 - (-4 - 1)) + (2 - 6).
-3
What is 0 + (4 - 1) + -5?
-2
Calculate 5 - (-5 + 5 - 0).
5
What is (6 - (12 - 1) - -4) + 6?
5
-1 - (1 + -6 - -1)
3
Evaluate 1 - (-2 + (-4 - 0 - -5)).
2
(2 - 2) + 9 + -9 + 8
8
What is the value of -10 + 8 + (2 - 0) - -2?
2
-6 + (0 + (0 - 1) - -3)
-4
Evaluate -2 + (-10 - -6 - -2).
-4
What is the value of 0 - (1 - (-8 + 1))?
-8
What is -5 + (6 - 0 - -4)?
5
Calculate 3 - (32 + -33 + (-1 - -4)).
1
(4 - (-3 - 1)) + 22 + -21
9
Evaluate -12 + 13 + (3 - -1 - 0).
5
(2 - (11 + -6 + 3)) + 11
5
Evaluate 0 + 2 - (4 - 6).
4
(-15 - (-3 - 11)) + 0
-1
Evaluate (0 - 4) + (13 - 4).
5
Evaluate -5 + 2 + -1 + 4.
0
5 - (17 + -11 + 3)
-4
What is -4 + 1 + 1 + -1 - -4?
1
Calculate 4 - (1 + -1) - 3.
1
Calculate (-5 - 0 - -15) + (-13 - -12).
9
What is -19 + 29 + 1 + -1 + -5?
5
(4 - 7) + 0 + 5
2
Calculate 2 - (-3 - -9 - -4).
-8
Evaluate 2 - 4 - (1 - (0 - -3)).
0
What is the value of -5 - 2 - (2 - 4)?
-5
0 + (4 - 12) - (-6 - -1)
-3
What is the value of (2 - 2) + 2 + 4?
6
Calculate 2 - (-8 - -1 - (-9 + 5)).
5
Evaluate (-1 - -6) + -3 + 3 - 1.
4
What is the value of 1 - (-4 + 7 - -4)?
-6
What is the value of -7 + 4 + -4 + (-2 - -6)?
-3
Calculate 0 + -1 + (9 - (2 + 2)).
4
-3 - (2 - (-3 - -10))
2
Evaluate (13 - 6 - 6 - 3) + 0.
-2
Calculate (5 - (3 + -12)) + -7.
7
What is -3 - (-4 - -4 - (4 - 1))?
0
What is the value of -3 + (1 + (0 - -3) - 5)?
-4
Evaluate 6 - (8 + 3 - 8).
3
What is 8 + (-13 - (-3 - -1))?
-3
What is 11 - 4 - 7 - (0 - 1)?
1
Evaluate 13 + (9 + -14 - 6).
2
What is the value of 2 + (-4 - 1) + (3 - -1)?
1
Calculate (2 + -1 - 2) + -62 + 60.
-3
Evaluate -2 + -6 + (-6 - -12).
-2
What is -2 - -2 - (-3 + -1 + -1)?
5
Evaluate 5 - -5 - ((0 - 1) + 6).
5
What is the value of 6 - (7 - (15 - 6))?
8
Calculate 5 - (-1 + 3 + 0).
3
-3 + -1 + 1 + -2
-5
Evaluate (1 - -3) + 2 - 1.
5
Evaluate -12 + (-5 - -4 - -12).
-1
What is the value of 0 + 6 - (-59 + 70)?
-5
What is (-2 + -3 - -3) + (5 - -1)?
4
What is the value of -2 + 2 + -3 + -1 + 1?
-3
What is the value of (6 - 2) + (-6 - (5 - 6))?
-1
6 + -6 + 9 + -4
5
Evaluate -1 + 4 - (129 - 118).
-8
Evaluate (-13 - -6) + 6 - 5.
-6
What is (-5 - 16 - -20) + 1 + -9?
-9
Evaluate (-5 - -14 - 22) + 11.
-2
-5 + (1 - 5) - (1 - 6)
-4
(-2 - 2) + 1 + 2
-1
Evaluate 3 + 3 + -9 + -2.
-5
Calculate -9 + (9 - 4) + -4 + 3.
-5
Calculate (16 - (9 - 3)) + -18.
-8
Calculate 0 - 5 - (1 - (-1 - 2)).
-9
What is 7 + 0 + (-72 - -58)?
-7
Evaluate 5 - (1 - (4 - 2)) - 4.
2
What is the value of 8 + -9 + 2 + -1 + 2?
2
Calculate 5 - (0 + 14 + -5 + 0).
-4
What is the value of 6 + -23 + 6 - -10?
-1
Calculate 6 + -4 - (5 - (3 - 1)).
-1
Evaluate -16 + 20 - (0 - 0).
4
Calculate -3 - (-13 + 2 + 8).
0
Calculate -7 + 0 - -3 - -3.
-1
Calculate -3 - (6 - 3) - -2.
-4
Calculate -19 + 15 + 7 + 0.
3
Calculate (0 - -2) + (-3 - (-4 - -3)).
0
What is (-4 - -10) + -8 - 1?
-3
2 + (-13 - -2) - -7
-2
Evaluate 0 + (3 - 2 - 2).
-1
What is the value of (3 - (2 - 0)) + 2 + 0?
3
Evaluate -6 - (-10 - -6) - (0 + 0).
-2
(13 - 4) + (26 - 33)
2
Evaluate -5 - (-1 + 0 - 3).
-1
Evaluate -2 + (12 - (17 + -7 - 6)).
6
-1 + 5 + -5 - -3
2
Calculate (-1 - -2) + 0 + (-2 - -5).
4
-1 + -1 + 2 - -1
1
What is the value of 0 + 4 - (13 + -17)?
8
Calculate -9 - (-2 + 7 + -9).
-5
Calculate -2 + -1 + -12 + (4 - -11).
0
-1 + -3 + (-8 - -7)
-5
What is (-7 - 0) + 10 + 0 - 7?
-4
1 + (8 - (12 - 7))
4
What is the value of (0 - (-7 + -1 + 6)) + 0?
2
What is the value of 1 + (-2 - -3) - (8 - 1)?
-5
Calculate -6 - ((-10 - -11) + -8).
1
Calculate 2 + (-18 - -2) - (15 - 23).
-6
What is (2 - 13) + 34 + -28?
-5
Evaluate -4 + -1 + (3 - -1).
-1
What is the value of (4 - 8 - -6) + 1?
3
What is the value of -15 - -9 - (-1 - 1)?
-4
Calculate 1 + 4 + (3 + -4 - 1).
3
What is the value of 22 + -18 - (1 - -6)?
-3
What is the value of (-12 + 25 - 7) + 2 + -1?
7
Evaluate 7 - (-7 + (3 - 1) - -8).
4
Evaluate -3 + (-3 - (-5 + 1)).
-2
What is 13 + -18 - (-7 + -4)?
6
What is -2 + -4 + 0 + 1 + 0?
-5
What is (18 + -11 - (1 - -6)) + -1?
-1
What is the value of 7 + -9 + (-6 - -12) - -3?
7
Evaluate (4 - (2 - 1)) + -1.
2
What is -4 + 3 + 5 - 8?
-4
Evaluate (-1 + -6 - -2) + 2.
-3
What is 3 + -2 - (7 - 3)?
-3
What is the value of 1 + (6 - (25 - 11))?
-7
Evaluate 1 - ((-7 - -1) + 13).
-6
Evaluate (1 - 0) + -20 + 23.
4
3 - 5 - (0 - 4)
2
0 - (0 + -1 + (-12 - -10))
3
What is (1 - (2 - -2)) + 5?
2
-6 + -7 - (-21 - 1)
9
Calculate -1 - (-3 + (-4 - -3)).
3
What is the value of (9 - 22 - -18) + -8 + -1?
-4
Calculate -2 + 4 + (0 - -1) + -2.
1
Calculate -3 + -5 + 4 - -4 - -4.
4
What is -3 + (1 - -2 - 3) + 4?
1
What is -1 + 0 + 2 - (1 + 0)?
0
Calculate 6 - (0 + 5 + -4).
5
Calculate -16 + 12 - (0 - 1).
-3
What is 1 + (-4 - -1) + (-1 - -2)?
-1
What is 0 + -10 + 16 + -2 + -7?
-3
Calculate -5 - -1 - (3 - 3).
-4
Evaluate (2 - (-1 + 3)) + 1.
1
What is the value of 5 + 5 + -6 + -1?
3
15 + (-40 - (-8 + -6))
